{"id":15,"date":"2023-05-14T13:21:11","date_gmt":"2023-05-14T16:21:11","guid":{"rendered":"https:\/\/nexxon.com.ar\/?page_id=15"},"modified":"2026-03-18T17:07:35","modified_gmt":"2026-03-18T20:07:35","slug":"inicio","status":"publish","type":"page","link":"https:\/\/nexxon.com.ar\/","title":{"rendered":"Inicio"},"content":{"rendered":"\n<div class=\"wp-block-cover alignfull\" style=\"min-height:720px;aspect-ratio:unset;\"><span aria-hidden=\"true\" class=\"wp-block-cover__background has-ast-global-color-8-background-color has-background-dim-100 has-background-dim\"><\/span><div class=\"wp-block-cover__inner-container is-layout-flow wp-block-cover-is-layout-flow\">\n<div class=\"inherit-container-width wp-block-group alignwide is-layout-constrained wp-block-group-is-layout-constrained\">\n<div class=\"wp-block-media-text alignwide has-media-on-the-right is-stacked-on-mobile is-vertically-aligned-center is-image-fill-element\" style=\"grid-template-columns:auto 43%\"><div class=\"wp-block-media-text__content\">\n<h1 class=\"wp-block-heading has-text-align-left has-white-color has-text-color\">La soluci\u00f3n  <\/h1>\n\n\n\n<h1 class=\"wp-block-heading has-text-align-left has-white-color has-text-color\">en T I  y Redes<\/h1>\n\n\n\n<p>\u00a1Bienvenido a Nexxon Argentina! Somos una empresa l\u00edder en la provisi\u00f3n de internet inal\u00e1mbrica y soluciones IT empresariales. Nuestro objetivo es proporcionar a nuestros clientes la mejor conectividad y las soluciones tecnol\u00f3gicas m\u00e1s avanzadas para impulsar su \u00e9xito en un mundo digital. Descubre c\u00f3mo podemos ayudarte a mantener tu negocio conectado y en crecimiento. \u00a1Explora nuestros servicios hoy mismo!<\/p>\n\n\n\n<div class=\"wp-block-buttons alignwide is-layout-flex wp-block-buttons-is-layout-flex\">\n<div class=\"wp-block-button\"><a class=\"wp-block-button__link wp-element-button\" href=\"https:\/\/cloud.elespejo.com.ar\/#\/signin\">\u00c1rea de Clientes<\/a><\/div>\n<\/div>\n<\/div><figure class=\"wp-block-media-text__media\"><img loading=\"lazy\" decoding=\"async\" width=\"725\" height=\"296\" src=\"https:\/\/nexxon.com.ar\/wp-content\/uploads\/2023\/05\/airmax_main6.jpg\" alt=\"\" class=\"wp-image-20 size-full\" style=\"object-position:50% 50%\" srcset=\"https:\/\/nexxon.com.ar\/wp-content\/uploads\/2023\/05\/airmax_main6.jpg 725w, https:\/\/nexxon.com.ar\/wp-content\/uploads\/2023\/05\/airmax_main6-300x122.jpg 300w\" sizes=\"auto, (max-width: 725px) 100vw, 725px\" \/><\/figure><\/div>\n<\/div>\n<\/div><\/div>\n\n\n\n<div class=\"wp-block-group alignfull has-ast-global-color-5-background-color has-background is-layout-constrained wp-container-core-group-is-layout-9cedb757 wp-block-group-is-layout-constrained\" style=\"padding-bottom:0px\">\n<div class=\"wp-block-columns are-vertically-aligned-top is-layout-flex wp-container-core-columns-is-layout-00723822 wp-block-columns-is-layout-flex\">\n<div class=\"wp-block-column is-vertically-aligned-top is-layout-flow wp-container-core-column-is-layout-6b73ce23 wp-block-column-is-layout-flow\">\n<figure class=\"wp-block-image size-large\"><img decoding=\"async\" src=\"https:\/\/nexxon.com.ar\/wp-content\/themes\/astra\/inc\/assets\/images\/starter-content\/building.svg\" alt=\"\" class=\"wp-image-134\"\/><\/figure>\n\n\n\n<h3 class=\"wp-block-heading has-text-align-left\" style=\"margin-top:16px\">Local Business<\/h3>\n\n\n\n<p class=\"has-text-align-left\">Lorem ipsum dolor consectetur adipiscing elit eiusmod.<\/p>\n<\/div>\n\n\n\n<div class=\"wp-block-column is-vertically-aligned-top is-layout-flow wp-container-core-column-is-layout-6b73ce23 wp-block-column-is-layout-flow\">\n<figure class=\"wp-block-image size-large\"><img decoding=\"async\" src=\"https:\/\/nexxon.com.ar\/wp-content\/themes\/astra\/inc\/assets\/images\/starter-content\/shopping-bag.svg\" alt=\"\" class=\"wp-image-135\"\/><\/figure>\n\n\n\n<h3 class=\"wp-block-heading has-text-align-left\" style=\"margin-top:16px\">Online Store<\/h3>\n\n\n\n<p class=\"has-text-align-left\">Lorem ipsum dolor consectetur adipiscing elit eiusmod.<\/p>\n<\/div>\n\n\n\n<div class=\"wp-block-column is-vertically-aligned-top is-layout-flow wp-container-core-column-is-layout-6b73ce23 wp-block-column-is-layout-flow\">\n<figure class=\"wp-block-image size-large\"><img decoding=\"async\" src=\"https:\/\/nexxon.com.ar\/wp-content\/themes\/astra\/inc\/assets\/images\/starter-content\/blog.svg\" alt=\"\" class=\"wp-image-136\"\/><\/figure>\n\n\n\n<h3 class=\"wp-block-heading has-text-align-left\" style=\"margin-top:16px\">Blogging<\/h3>\n\n\n\n<p class=\"has-text-align-left\">Lorem ipsum dolor consectetur adipiscing elit eiusmod.<\/p>\n<\/div>\n\n\n\n<div class=\"wp-block-column is-vertically-aligned-top is-layout-flow wp-container-core-column-is-layout-6b73ce23 wp-block-column-is-layout-flow\">\n<figure class=\"wp-block-image size-large\"><img decoding=\"async\" src=\"https:\/\/nexxon.com.ar\/wp-content\/themes\/astra\/inc\/assets\/images\/starter-content\/portfolio.svg\" alt=\"\" class=\"wp-image-137\"\/><\/figure>\n\n\n\n<h3 class=\"wp-block-heading has-text-align-left\" style=\"margin-top:16px\">Portfolio<\/h3>\n\n\n\n<p class=\"has-text-align-left\">Lorem ipsum dolor consectetur adipiscing elit eiusmod.<\/p>\n<\/div>\n<\/div>\n<\/div>\n\n\n\n<div class=\"wp-block-group alignfull is-layout-constrained wp-container-core-group-is-layout-45b0ac4f wp-block-group-is-layout-constrained\" id=\"services\" style=\"padding-top:144px;padding-bottom:0px\">\n<h2 class=\"wp-block-heading\">Nuestros Servicios<\/h2>\n\n\n\n<div class=\"wp-block-columns is-layout-flex wp-container-core-columns-is-layout-60cbf9bb wp-block-columns-is-layout-flex\" style=\"margin-top:50px\">\n<div class=\"wp-block-column is-layout-flow wp-container-core-column-is-layout-6b73ce23 wp-block-column-is-layout-flow\">\n<figure class=\"wp-block-image alignwide size-full\"><img loading=\"lazy\" decoding=\"async\" width=\"300\" height=\"260\" src=\"https:\/\/nexxon.com.ar\/wp-content\/uploads\/2023\/05\/R.png\" alt=\"\" class=\"wp-image-60\"\/><\/figure>\n\n\n\n<h3 class=\"wp-block-heading\" style=\"margin-top:16px\">Internet Inal\u00e1mbrico<\/h3>\n\n\n\n<p>Proveemos servicios de internet para la empresa y el hogar, en forma inal\u00e1mbrica llegando de esta manera a los lugares m\u00e1s lejanos y que nos no son cubiertos por los servicios convencionales <\/p>\n<\/div>\n\n\n\n<div class=\"wp-block-column is-layout-flow wp-container-core-column-is-layout-6b73ce23 wp-block-column-is-layout-flow\">\n<figure class=\"wp-block-image size-full is-resized\"><img loading=\"lazy\" decoding=\"async\" width=\"474\" height=\"266\" src=\"https:\/\/nexxon.com.ar\/wp-content\/uploads\/2023\/05\/OIP.jpeg\" alt=\"\" class=\"wp-image-72\" style=\"width:714px;height:400px\" srcset=\"https:\/\/nexxon.com.ar\/wp-content\/uploads\/2023\/05\/OIP.jpeg 474w, https:\/\/nexxon.com.ar\/wp-content\/uploads\/2023\/05\/OIP-300x168.jpeg 300w\" sizes=\"auto, (max-width: 474px) 100vw, 474px\" \/><\/figure>\n\n\n\n<h3 class=\"wp-block-heading\" style=\"margin-top:16px\">Redes Empresariales<\/h3>\n\n\n\n<p>Posemos vasta experiencia y capacidad t\u00e9cnica en el montaje de redes inform\u00e1ticas empresariales e industriales, como as\u00ed tambi\u00e9n en dom\u00f3tica, automatismos y seguridad electr\u00f3nica <\/p>\n<\/div>\n\n\n\n<div class=\"wp-block-column is-layout-flow wp-container-core-column-is-layout-6b73ce23 wp-block-column-is-layout-flow\">\n<figure class=\"wp-block-image size-full is-resized\"><img loading=\"lazy\" decoding=\"async\" width=\"765\" height=\"600\" src=\"https:\/\/nexxon.com.ar\/wp-content\/uploads\/2023\/05\/R.jpeg\" alt=\"\" class=\"wp-image-62\" style=\"width:450px;height:326px\" srcset=\"https:\/\/nexxon.com.ar\/wp-content\/uploads\/2023\/05\/R.jpeg 765w, https:\/\/nexxon.com.ar\/wp-content\/uploads\/2023\/05\/R-300x235.jpeg 300w\" sizes=\"auto, (max-width: 765px) 100vw, 765px\" \/><\/figure>\n\n\n\n<h3 class=\"wp-block-heading\" style=\"margin-top:16px\">Sistemas y Hardware<\/h3>\n\n\n\n<p>Le entregamos soluciones a nivel de software y hardware, para lograr la mayor eficiencia y productividad en el d\u00eda a d\u00eda <\/p>\n<\/div>\n<\/div>\n<\/div>\n\n\n\n<div class=\"wp-block-group alignfull has-ast-global-color-5-background-color has-background is-layout-constrained wp-container-core-group-is-layout-94d206d0 wp-block-group-is-layout-constrained\" id=\"about\" style=\"padding-top:143px;padding-bottom:144px\">\n<div class=\"wp-block-media-text has-media-on-the-right is-stacked-on-mobile is-vertically-aligned-center\"><div class=\"wp-block-media-text__content\">\n<div class=\"inherit-container-width wp-block-group is-layout-constrained wp-container-core-group-is-layout-47ce07ec wp-block-group-is-layout-constrained\" style=\"padding-right:80px\">\n<h2 class=\"wp-block-heading\" style=\"padding-right:40px\">Ayudamos a los equipos a construir el negocio de sus sue\u00f1os<\/h2>\n\n\n\n<p>Nuestra meta es crecer junto a su empresa, brindando lo mejor de Nosotros, para potenciar lo mejor de Ustedes. <\/p>\n\n\n\n<p>En Nexxon Argentina nos enfocamos en lograr los mejores y m\u00e1s eficientes resultados, de la manera m\u00e1s econ\u00f3mica, pero sin sacrificar ning\u00fan aspecto de la calidad.<\/p>\n<\/div>\n<\/div><figure class=\"wp-block-media-text__media\"><img decoding=\"async\" src=\"https:\/\/nexxon.com.ar\/wp-content\/themes\/astra\/inc\/assets\/images\/starter-content\/about-us.jpg\" alt=\"\" class=\"wp-image-237 size-full\"\/><\/figure><\/div>\n<\/div>\n\n\n\n<div class=\"wp-block-group alignfull has-ast-global-color-4-background-color has-background is-layout-constrained wp-container-core-group-is-layout-6a2cfb7b wp-block-group-is-layout-constrained\" id=\"reviews\">\n<figure class=\"wp-block-image aligncenter size-full is-resized is-style-rounded\"><img loading=\"lazy\" decoding=\"async\" width=\"289\" height=\"289\" src=\"https:\/\/nexxon.com.ar\/wp-content\/uploads\/2023\/05\/JAA.jpg\" alt=\"\" class=\"wp-image-54\" style=\"width:145px;height:145px\" srcset=\"https:\/\/nexxon.com.ar\/wp-content\/uploads\/2023\/05\/JAA.jpg 289w, https:\/\/nexxon.com.ar\/wp-content\/uploads\/2023\/05\/JAA-150x150.jpg 150w\" sizes=\"auto, (max-width: 289px) 100vw, 289px\" \/><\/figure>\n\n\n\n<p class=\"has-text-align-center\" style=\"font-size:22px;line-height:1.6\">\u201cLa mejor parte es que Nexxon tiene una gran variedad de soluciones dise\u00f1adas profesionalmente para casi todas las empresas, lo que hace que sea muy f\u00e1cil para nosotros encontrar una soluci\u00f3n adecuada a sus necesidades .\u201d<\/p>\n\n\n\n<p class=\"has-text-align-center\"><strong>Juan Alberto Amoroso<\/strong><\/p>\n<\/div>\n\n\n\n<div class=\"wp-block-group alignfull is-layout-constrained wp-container-core-group-is-layout-3fee123f wp-block-group-is-layout-constrained\" id=\"whyus\" style=\"padding-top:144px;padding-bottom:144px\">\n<h2 class=\"wp-block-heading\">Por qu\u00e9 Nosotros? <\/h2>\n\n\n\n<div class=\"wp-block-columns is-layout-flex wp-container-core-columns-is-layout-29aadeec wp-block-columns-is-layout-flex\" style=\"margin-top:60px\">\n<div class=\"wp-block-column is-layout-flow wp-container-core-column-is-layout-6b73ce23 wp-block-column-is-layout-flow\">\n<figure class=\"wp-block-image size-large\"><img decoding=\"async\" src=\"https:\/\/nexxon.com.ar\/wp-content\/themes\/astra\/inc\/assets\/images\/starter-content\/passionate.svg\" alt=\"\" class=\"wp-image-162\"\/><\/figure>\n\n\n\n<h3 class=\"wp-block-heading\" style=\"margin-top:16px\">Pasi\u00f3n<\/h3>\n\n\n\n<p>En cada servicio y proyecto, ponemos toda nuestra pasi\u00f3n con el objetivo de lograr el mejor resultado para el cliente y la satisfacci\u00f3n personal por haberlo logrado.  <\/p>\n<\/div>\n\n\n\n<div class=\"wp-block-column is-layout-flow wp-container-core-column-is-layout-6b73ce23 wp-block-column-is-layout-flow\">\n<figure class=\"wp-block-image size-large\"><img decoding=\"async\" src=\"https:\/\/nexxon.com.ar\/wp-content\/themes\/astra\/inc\/assets\/images\/starter-content\/professional.svg\" alt=\"\" class=\"wp-image-163\"\/><\/figure>\n\n\n\n<h3 class=\"wp-block-heading\" style=\"margin-top:16px\">Profesionalismo <\/h3>\n\n\n\n<p>En Nexxon Argentina, trabajamos todos los d\u00edas para mejorar nuestras capacidades y conocimientos a fin de ofrecer el mejor resultado a nuestros clientes. <\/p>\n<\/div>\n\n\n\n<div class=\"wp-block-column is-layout-flow wp-container-core-column-is-layout-6b73ce23 wp-block-column-is-layout-flow\">\n<figure class=\"wp-block-image size-large\"><img decoding=\"async\" src=\"https:\/\/nexxon.com.ar\/wp-content\/themes\/astra\/inc\/assets\/images\/starter-content\/support.svg\" alt=\"\" class=\"wp-image-164\"\/><\/figure>\n\n\n\n<h3 class=\"wp-block-heading\" style=\"margin-top:16px\">Suporte t\u00e9cnico <\/h3>\n\n\n\n<p>Nuestra relaci\u00f3n con los clientes, es el de acompa\u00f1arlos en su crecimiento, aportando nuestros conocimientos para darle la mejor soluci\u00f3n en el momento que lo requieran.<\/p>\n<\/div>\n<\/div>\n<\/div>\n\n\n\n<div class=\"wp-block-group alignfull has-ast-global-color-8-background-color has-background is-layout-constrained wp-container-core-group-is-layout-cfcca693 wp-block-group-is-layout-constrained\" id=\"contact\" style=\"padding-top:104px;padding-bottom:104px\">\n<h2 class=\"wp-block-heading has-text-align-center has-text-color\" style=\"color:#ffffff\">Conozca nuestros servicios Hoy!<\/h2>\n\n\n\n<div class=\"wp-block-buttons alignwide is-horizontal is-content-justification-center is-layout-flex wp-container-core-buttons-is-layout-bba8380a wp-block-buttons-is-layout-flex\" style=\"margin-top:50px\">\n<div class=\"wp-block-button\"><a class=\"wp-block-button__link wp-element-button\">\u00c1rea de Clientes<\/a><\/div>\n<\/div>\n<\/div>\n","protected":false},"excerpt":{"rendered":"<p>Local Business Lorem ipsum dolor consectetur adipiscing elit eiusmod. Online Store Lorem ipsum dolor consectetur adipiscing elit eiusmod. Blogging Lorem ipsum dolor consectetur adipiscing elit eiusmod. Portfolio Lorem ipsum dolor consectetur adipiscing elit eiusmod. Nuestros Servicios Internet Inal\u00e1mbrico Proveemos servicios de internet para la empresa y el hogar, en forma inal\u00e1mbrica llegando de esta manera &hellip;<\/p>\n<p class=\"read-more\"> <a class=\"\" href=\"https:\/\/nexxon.com.ar\/\"> <span class=\"screen-reader-text\">Inicio<\/span> Leer m\u00e1s &raquo;<\/a><\/p>\n","protected":false},"author":1,"featured_media":0,"parent":0,"menu_order":0,"comment_status":"closed","ping_status":"closed","template":"","meta":{"_uag_custom_page_level_css":"","site-sidebar-layout":"no-sidebar","site-content-layout":"plain-container","ast-global-header-display":"","ast-banner-title-visibility":"","ast-main-header-display":"","ast-hfb-above-header-display":"","ast-hfb-below-header-display":"","ast-hfb-mobile-header-display":"","site-post-title":"disabled","ast-breadcrumbs-content":"","ast-featured-img":"","footer-sml-layout":"","theme-transparent-header-meta":"enabled","adv-header-id-meta":"","stick-header-meta":"","header-above-stick-meta":"","header-main-stick-meta":"","header-below-stick-meta":"","footnotes":""},"class_list":["post-15","page","type-page","status-publish","hentry"],"uagb_featured_image_src":{"full":false,"thumbnail":false,"medium":false,"medium_large":false,"large":false,"1536x1536":false,"2048x2048":false},"uagb_author_info":{"display_name":"nexxon.com.ar","author_link":"https:\/\/nexxon.com.ar\/?author=1"},"uagb_comment_info":0,"uagb_excerpt":"Local Business Lorem ipsum dolor consectetur adipiscing elit eiusmod. Online Store Lorem ipsum dolor consectetur adipiscing elit eiusmod. Blogging Lorem ipsum dolor consectetur adipiscing elit eiusmod. Portfolio Lorem ipsum dolor consectetur adipiscing elit eiusmod. Nuestros Servicios Internet Inal\u00e1mbrico Proveemos servicios de internet para la empresa y el hogar, en forma inal\u00e1mbrica llegando de esta manera&hellip;","_links":{"self":[{"href":"https:\/\/nexxon.com.ar\/index.php?rest_route=\/wp\/v2\/pages\/15","targetHints":{"allow":["GET"]}}],"collection":[{"href":"https:\/\/nexxon.com.ar\/index.php?rest_route=\/wp\/v2\/pages"}],"about":[{"href":"https:\/\/nexxon.com.ar\/index.php?rest_route=\/wp\/v2\/types\/page"}],"author":[{"embeddable":true,"href":"https:\/\/nexxon.com.ar\/index.php?rest_route=\/wp\/v2\/users\/1"}],"replies":[{"embeddable":true,"href":"https:\/\/nexxon.com.ar\/index.php?rest_route=%2Fwp%2Fv2%2Fcomments&post=15"}],"version-history":[{"count":20,"href":"https:\/\/nexxon.com.ar\/index.php?rest_route=\/wp\/v2\/pages\/15\/revisions"}],"predecessor-version":[{"id":77,"href":"https:\/\/nexxon.com.ar\/index.php?rest_route=\/wp\/v2\/pages\/15\/revisions\/77"}],"wp:attachment":[{"href":"https:\/\/nexxon.com.ar\/index.php?rest_route=%2Fwp%2Fv2%2Fmedia&parent=15"}],"curies":[{"name":"wp","href":"https:\/\/api.w.org\/{rel}","templated":true}]}}